 (-47)/(-9) + (-4)/18. Suppose 4*x = 20, -p*b + 2*x - 22 = 13. Let r(j) be the first derivative of -j**4/4 - 4*j**3/3 + 4*j**2 + 5*j + 1. Give r(b).
-10
Let f(t) = -3*t**3 + 3*t - 3. Suppose -2*m = 3*m - 10. Calculate f(m).
-21
Let x(i) = -7*i**3 + 2*i**2 - 8*i. Let w(s) = -13*s**3 + 3*s**2 - 15*s. Let d(k) = 6*w(k) - 11*x(k). What is d(-4)?
8
Let m(o) be the first derivative of o**2/2 - 2*o - 4. Determine m(5).
3
Let t(h) = h**3 - 3*h - 1. Suppose -3*z = 2*z + 5*r, -2*z = 4*r - 4. What is t(z)?
-3
Let r(i) = -9*i + 5*i - 4 - i. Let f(o) = -11*o - 9. Let m(p) = 3*f(p) - 7*r(p). Give m(4).
9
Suppose 4*n - 2*n - 8 = 0. Suppose -6 = 5*l - n*p + p, 4*l - 5*p = -10. Let w(r) = 0 + l + 9*r. Give w(1).
9
Let q(g) = -6*g - 2. Let i(m) = 3*m + 1. Let k(l) = 9*i(l) + 4*q(l). Let a be -4*4/(-16) - -1. Give k(a).
7
Let f = 9 - 5. Let h = f + -2. Let t = 2 - h. Let o(a) = -a + 3. Calculate o(t).
3
Let v(c) = 0*c**3 - 2 + 0*c**3 + c + c**2 - c**3 + 3. What is v(2)?
-1
Let a(z) = -z**3 - 4*z**2 - 2*z - 6. Let b be a(-4). Let w(m) = -3*m - b*m + 2 - 2*m - 1. Give w(-1).
8
Let j(f) = -8 + 8 - 3*f**3 + f**2. Suppose 0 = m - 1. Suppose 2*z - 3*z = -m. What is j(z)?
-2
Let t(d) = -d**2 + d + 2. Let s be (-4)/3*9/(-6). Suppose 0 = s*n + 3*n. Let w be t(n). Let r(o) = -2*o**3 + 2*o**2 + 2. What is r(w)?
-6
Let i(g) be the second derivative of -g**4/12 + g**3/3 - g**2/2 - 5*g. What is i(4)?
-9
Let x = 6 - -18. Suppose 5*a + x = a. Let f(r) = -r - 8. Determine f(a).
-2
Let p(d) = d - 2*d + 1 - 6*d. Let t be 4 - (5 - (-3 - -5)). What is p(t)?
-6
Let s(n) = n - 2. Let j(u) be the third derivative of -u**4/24 + u**3/2 + 2*u**2. Let v be j(3). Suppose 6*l - l - 25 = v. Give s(l).
3
Suppose 0 = 13*f - 11*f + 12. Let z(t) = -t**3 - 7*t**2 - 5*t + 4. Determine z(f).
-2
Suppose p = -l + 1, -l = -7*p + 10*p + 3. Let s(b) = 2*b**2 + 2*b - 1. Give s(p).
3
Let g(l) = -3*l**3 - 5*l**2 - 11*l. Let q(o) = o**3 + 2*o**2 + 4*o. Let d(c) = -4*g(c) - 11*q(c). Determine d(2).
0
Let b(f) = -4*f**2 - 1. Let l(m) = -3*m**2 + m - 1. Let k(n) = 4*b(n) - 5*l(n). Calculate k(-6).
-5
Let i be (-1 - 1) + (-4 - -5). Let z = i - -2. Let m = z + -3. Let y(c) = c. Give y(m).
-2
Let f(o) = 20*o**2 + 6. Let q(c) = 1. Let a(u) = f(u) - 6*q(u). Calculate a(-1).
20
Let r(z) = 4*z - 4*z - z + 0 - 2. What is r(0)?
-2
Let y(m) = -m - 3*m**2 + 0*m + 2*m**2 - 4*m**3 + 3*m**3. Determine y(-2).
6
Let x(s) = s - 13. Suppose 3*f + 36 = 6*f. Let y be x(f). Let b(t) = 0 - 3*t + 2 - 1. Give b(y).
4
Suppose 1 = 3*y - 5. Let o(n) = 3 + 3*n + y - 3. Let r = 1 + -3. Calculate o(r).
-4
Let h(l) = 2*l**2 - l**2 - 305 + 306 + 2*l. Give h(-4).
9
Let j(v) = -v**3 + 12*v**2 - 5*v. Let f(b) = -2*b**3 + 23*b**2 - 10*b. Let s(x) = 6*f(x) - 11*j(x). Calculate s(5).
0
Let p(x) = x + 6. Let b be (1/1)/(6/18). Let k = 3 - b. Give p(k).
6
Let s(p) = -p**2 + p + 6. Let i = 13 + -13. Determine s(i).
6
Let i(a) be the second derivative of a**4/12 + a**2 + 40*a. Determine i(-4).
18
Suppose c - 7 = -0*c. Let y(a) = 0*a**3 - a + a**3 + 7 - 4*a**2 - c*a. Let x(l) = -l + 10. Let b be x(5). Give y(b).
-8
Suppose -5 = -2*v + 9. Let y(l) = -l**2 + 7*l - 3. What is y(v)?
-3
Let d(w) = 2*w - 2. Let h be d(4). Let q(z) be the second derivative of z**4/12 - z**3 - z**2 - 94*z. Give q(h).
-2
Let d(z) = z**2 - 5*z - 6. Let s be (-4)/14 - 30/(-7). Suppose -16 = -2*a - s. Give d(a).
0
Let w(p) be the first derivative of p**3/3 - p**2 - 2*p - 8. What is w(-2)?
6
Let m be 0/2 + 0 - 0. Suppose m = i + i. Suppose i = s - 6*s. Let t(q) = -q**2 - 3. Determine t(s).
-3
Let l(r) be the third derivative of r**6/120 + 2*r**5/15 + 5*r**4/24 - 5*r**3/6 + 21*r**2. What is l(-7)?
9
Suppose 3*w + 18 = -2*w + 4*c, -2*w = 4*c - 4. Let t(x) be the second derivative of -x**4/12 - x**3/2 - 3*x**2/2 - 3*x. What is t(w)?
-1
Let j(r) = r**2 + 8*r + 8. Let x be j(-6). Let m(v) = 2*v**3 - 3*v**2 - 7*v - 5. Let a(y) = -y**3 - y**2. Let u(n) = 3*a(n) + m(n). Determine u(x).
-9
Let v(y) = -6*y**2. Let n be (-18)/4*2/1. Let g be (n/(-6))/(6/4). What is v(g)?
-6
Let y(i) be the second derivative of -2*i - 1/12*i**4 + 0*i**2 + 1/6*i**3 + 0. Suppose -c - c = -f + 1, 4*f = c + 11. Calculate y(c).
0
Let q be (108/45)/(2/5). Let f(l) = -l**2 + 6*l - 9. Give f(q).
-9
Let m(l) = -l**3 - 6*l**2 + 7*l - 6. Suppose -2*c + 5*c = 3. Suppose -9 = -3*w, 0 = -2*g - 3*w - c - 4. What is m(g)?
-6
Let t(g) be the first derivative of g + 2*g**2 + 1 + 1/3*g**3. Let a be -3 + (1 - (1 - 1)). Give t(a).
-3
Let m = 5 - -1. Let u(y) = -m*y - y - y. Suppose -5*g + 3 = 4*t, 0*g = 2*g + 3*t - 4. Give u(g).
8
Let t(j) = -j. Let w(f) = -f**3 - 19*f**2 - 20*f - 42. Let i be w(-18). Determine t(i).
6
Let d(k) = -3*k**2 - 3*k - 3. Let v = 18 - 7. Suppose 0 = -z - 4*n + n - v, 8 = -z - 2*n. Give d(z).
-9
Let s(d) = -d**2 + 5*d + 4. Let p(n) = -n**2 + n + 1. Let i be p(4). Let m = i - -17. Suppose m*l - 15 = 3*l. Determine s(l).
4
Let f(c) be the second derivative of -c**4/12 + c**3 + 2*c**2 + 5*c. Determine f(6).
4
Let u be ((144/(-20))/6)/(6/(-20)). Let x(p) = p**3 - 3*p**2 - 2*p + 4. Determine x(u).
12
Let o be 2/((-1)/3*2). Let r(z) = -2 + 9 + 3*z + 0*z. Let f(y) = -3*y - 8. Let a(d) = -3*f(d) - 4*r(d). What is a(o)?
5
Let c(i) = -4*i - 3*i + 6*i + i**2 + 3*i. What is c(-3)?
3
Suppose 4*t = 4*k - 17 + 5, 3 = 5*k - 2*t. Let j(w) = 2*w**2 - 4*w - 7. Let c(p) = -p**2 - p + 1. Let s(z) = k*j(z) - 4*c(z). Calculate s(-5).
13
Let r be (-6)/4 + 23/2. Let w(v) = -v + 6*v**2 - v - 3 + r - v**3. What is w(6)?
-5
Let g(c) = c**3 - 6*c**2 - c + 5. Let k = -1 + 14. Suppose -2*q = 5*o + k, 2*q + o + 0 = 7. Determine g(q).
-1
Let y(a) = 7*a + 80 - 80. Determine y(-1).
-7
Let h(l) = 4 + 4*l**2 - l**3 + 4*l**2 + 0. Let m be h(8). Let k(x) = -2*x + 3. What is k(m)?
-5
Let o(k) be the third derivative of k**5/60 - 7*k**4/24 + 7*k**3/6 - 3*k**2. Let m be -1 + 1 + (-1)/(-1). Let z be (m + -2)*3*-2. Give o(z).
1
Let g(p) = -p**3 + 4*p**2 + 7*p + 1. Suppose 4*j + 3 - 19 = 0, -u - 5*j + 25 = 0. Determine g(u).
11
Suppose 2*f + f + 21 = -2*k, -2*f - 12 = k. Let z be (5 - 0)*k/(-6). Suppose z*b = -27 - 3. Let d(o) = -o**2 - 7*o - 9. Determine d(b).
-3
Let q(g) = g**2 - 1 - 6*g - 3 + 5 - 4. Suppose -20 = 2*y - 7*y, -3*c = -4*y - 2. What is q(c)?
-3
Let l(j) = -64 + 59 - 3*j**2 + 4*j**2 + 3*j. Let y be 8/(-28) + 46/14. Let t be -4 + -2*y/6. Determine l(t).
5
Let j(a) = -a - 1. Suppose -2*c = -7*c - i + 3, 2*c + 3*i = -4. Let z(h) = 3. Let b(y) = c*z(y) + 2*j(y). Give b(-2).
5
Suppose 34 = -13*y + 86. Let q(g) be the first derivative of 3 + 0*g + 1/4*g**y + g**3 - g**2. Calculate q(-4).
-8
Let r(m) = -m**2 + m + 1. Let p(i) = -i**3 - 6*i**2 + 6*i + 4. Let y(a) = p(a) - 5*r(a). Calculate y(0).
-1
Let z(p) = -p**2 - 7*p - 5. Let r be (32/(-10))/((-24)/60). Suppose r*a = a - 49. Determine z(a).
-5
Let j(q) be the third derivative of q**4/8 - q**3 - q**2. Determine j(6).
12
Let r(y) = y**2 + 16*y - 16. Let n be r(-17). Let w be 1*n*(-3 + 2). Let h(s) = -11*s - 1. Give h(w).
10
Let w = -7 + 9. Let l(o) = -w - o + 2*o + 4*o - 2*o. Let q be 2 + ((-2)/(-2) - 0). Determine l(q).
7
Let j be (4/(-2))/(-2 - 0). Let s(k) = -6*k + j + k + 2*k - k**2. What is s(-5)?
-9
Suppose 0 = 7*a - 33 - 2. Let p(k) = -k + 10. Give p(a).
5
Let g(p) = -2*p - 2. Let v be (-2)/(-3)*12/8. Suppose -v = -0*t + t, 4*t = -3*s - 10. Let d be s - (0/(-2))/3. Give g(d).
2
Let s(q) = -q**3 + 11*q**2 - 11*q + 10. Let h be s(10). Suppose h = -4*b + 5*b - 5. Let v(w) = -w + 5. Give v(b).
0
Let z(g) = g**2 - g. Let m be 30/4 + 3/(-6). Let b = m + -7. What is z(b)?
0
Let g(l) = -6*l**3 + 5*l**2 + 3*l - 1. Let a(v) = v**3 - v**2. Let u(y) = -5*a(y) - g(y). Determine u(2).
3
Let g(u) be the third derivative of -u**4/24 - 2*u**3/3 - 5*u**2. What is g(0)?
-4
Let q(k) = k**3 - 3*k**2 + 2*k + 2. Let g = -130 + 134. Determine q(g).
26
Suppose 6 - 12 = -3*d. Let q = -4 - -6. Let z(c) = q*c - 2*c**2 + c**3 - 2 + 0 + 4. Calculate z(d).
6
Let f(b) = -2*b - 9. Let o be f(-4). Let h(q) = -3*q**2 - q - 1. Give h(o).
-3
Let i(k) = k - 11. Suppose -c - 2*c - 39 = 0. Let p = -7 - c. Calculate i(p).
-5
Let v(j) = 9*j**2. Let p be v(1). Suppose 3 + p = 3*m. Let z be m/12 - (-2)/(-6). Let i(w) = -w**2 + w - 2. Give i(z).
-2
Let f(d) = -9 + 3 - 2 + d**3 + 3*d**2 + 6 + d. Let t be (-2)/(-5)*(-10)/2. G